-53. Let b be (t/(-3))/(6/(-16)). Let m be (b/10)/((-4)/70). What is the greatest common factor of m and 14?
14
Suppose -10*c - 17*c = -81. Calculate the greatest common divisor of c and 23.
1
Let v = 251 + 49. What is the greatest common divisor of v and 180?
60
Suppose 7*n - 3*n = 684. Let y(u) = 2*u**2 + 10*u + 7. Let t be y(-6). What is the greatest common factor of t and n?
19
Let w = -1470 - -1790. Calculate the greatest common divisor of w and 200.
40
Suppose -88*w + 72*w + 224 = 0. What is the highest common divisor of 10 and w?
2
Let l(q) = 5*q**2 - 13*q + 4. Let z be l(4). Calculate the highest common factor of 32 and z.
32
Let m = 3020 + -3013. Suppose 24 + 148 = 2*n + 5*c, -3*n + 271 = c. What is the greatest common factor of n and m?
7
Suppose 0 = 5*x + 2*l - l - 46, 0 = -5*l - 20. What is the greatest common divisor of x and 10?
10
Let q = -228 - -257. Let t(f) = 4*f**2 - 7. Let n be t(3). What is the highest common divisor of q and n?
29
Let c = -80 + 157. What is the greatest common divisor of 308 and c?
77
Let n(g) = 7*g - 35. Let t be n(13). Calculate the greatest common factor of t and 1288.
56
Let r be 12/(-7)*(-98)/4. What is the greatest common factor of r and 308?
14
Let l = 136 + -118. Suppose 3*t + 360 = 7*t. What is the highest common divisor of l and t?
18
Suppose -2*u + 2 = 6. Let i be (u - -7) + 0/1. Suppose 0 = -8*o + i*o + 69. What is the highest common factor of o and 207?
23
Let b(i) = -25 - 24 + 252*i + 45. Let a be b(1). What is the highest common divisor of a and 31?
31
Let a(m) = 1222*m**2 + 35*m + 37. Let l be a(-1). Calculate the greatest common factor of l and 17.
17
Let o be 3/(-9)*(90/(-3) + -6). What is the highest common factor of o and 72?
12
Suppose g = 858 - 714. Calculate the greatest common divisor of 84 and g.
12
Suppose 2*j - n - 48 = 0, 104*j - 99*j + n - 134 = 0. Calculate the highest common factor of j and 11.
1
Suppose -a - 4*a + 10 = 0. Let r be 3/30*8*(-55)/(-2). Calculate the greatest common factor of a and r.
2
Let l(q) = -q**3 - q**2 + 4*q + 6. Let x be l(-4). What is the greatest common divisor of 2 and x?
2
Suppose 0 = -0*a + 2*a. Suppose -5*z = 5*m + 5, -2 = -3*z + 3*m + 1. Suppose a = -z*w + w - 56. Calculate the greatest common divisor of w and 8.
8
Let p be 2/(-3) + 14/3. Let c be (-4)/2*(12/2 - 7). Let a be 2/(-4) + 7/c - 2. What is the greatest common divisor of a and p?
1
Suppose -2*l - l = -204. Let v = l - 56. What is the highest common divisor of v and 60?
12
Suppose -218 = -2*v + 5*u, 3*v - 284 = 2*u + 54. Calculate the greatest common factor of 12 and v.
6
Suppose -136*v + 22 = -134*v. Suppose 3*o + 224 = v*o. What is the highest common factor of 21 and o?
7
Let g(s) = -24*s + 402. Let v be g(16). Let p be 3 - 1 - -3*2. Suppose p*m - 4*m = 504. Calculate the greatest common divisor of m and v.
18
Suppose 19 = 3*m + 2*n - 47, -4*m = -2*n - 74. Suppose 8*x - 4*x = 12. Suppose 6*r - r - k = 198, -x*k - 34 = -r. What is the highest common factor of r and m?
20
Let t(c) = -c + 78. Let f be t(56). Suppose 11 = a - 0*a + 4*o, 4*a = 2*o + 44. Let v = a + f. What is the greatest common factor of 3 and v?
3
Suppose -k - 4 = -2*k. Suppose -k*w + 24 + 24 = 0. Let p = -24 + 48. What is the greatest common divisor of w and p?
12
Suppose 6*k = 2*k + 48. Suppose -5*t + 83 = -k. What is the highest common factor of 38 and t?
19
Let a be 890/45 - ((-129)/(-27) + -5). Calculate the highest common divisor of a and 2920.
20
Let b = 455 - 371. What is the highest common divisor of b and 112?
28
Let u be 54/14 + 1/7. Suppose 0 = -5*y + u*b + 38, 4*y = -2*b + b + 43. Let m = 35 + 65. Calculate the greatest common factor of m and y.
10
Let r(j) = 3*j - 20. Let n be r(15). Let t = 39 - n. Suppose -4*s + 573 = 69. Calculate the greatest common factor of s and t.
14
Let t = -10 + 18. Let b be (5 + (-92)/t)*-20. Calculate the highest common factor of 20 and b.
10
Let y be 15*3/(27/6). Let v(z) = z**3 - 7*z**2 + 8*z - 9. Let n be v(7). Let u = n - -23. Calculate the greatest common factor of y and u.
10
Let y(x) = x**3 - 9*x**2 - 10*x. Let r be y(11). Let v be r*(0 + 3/6). Let t be (4/(-10))/((-4)/60). Calculate the highest common factor of t and v.
6
Suppose 4*s + 2*l - 364 + 110 = 0, 0 = 2*s + 3*l - 133. What is the highest common factor of s and 31?
31
Let z = -117 + 125. Suppose z = -5*m + 53. Calculate the highest common divisor of 18 and m.
9
Suppose -618 = -3*k + 5*u, -3*k - 4*u = 2*k - 1067. Let s be (4 - 3)*(377 - (-1 + 2)). Let r = s - k. What is the highest common factor of r and 15?
15
Let g be -48*((1 - 4) + 4)/(-2). Let f be 12*(-1)/(-8)*2. Calculate the greatest common factor of g and f.
3
Let n = 9 - 6. Suppose -3*f + 0*f + 9 = 0. Suppose -2*o = -5*s + 39, -5*s + f*o - n = -44. What is the greatest common divisor of s and 21?
7
Let h = 111 + -62. Suppose 5*u - 2*k = h, -6*u + 3*u + 30 = -k. Suppose -5*w = -0*w - 605. Calculate the highest common divisor of w and u.
11
Let a be 15/(-120) + (-33)/(-8). Let n = -8 - -17. Suppose a*j = n*j - 80. What is the highest common factor of 48 and j?
16
Let o(z) = 4*z + 8. Let b be o(-4). Let l = -8 - b. Suppose -4*u + 125 = -5*m + 50, l = -2*u - 3*m + 21. Calculate the highest common divisor of u and 15.
15
Let a be 0/(0 + -2 - -4). Suppose a = 5*n - 85 - 115. What is the highest common divisor of n and 8?
8
Let t be (-21)/14*1*-2. Suppose 0 = -3*b - t*j + 21, -2*b + 4*j = 12 - 2. What is the highest common divisor of 24 and b?
3
Suppose 3*f + q = -50, 2*f = 7*q - 4*q - 26. Suppose -c + 12 = -3*c + v, -5*c - v - 23 = 0. Let x = c - f. What is the greatest common divisor of 77 and x?
11
Let o = 174 - 130. Calculate the highest common divisor of o and 242.
22
Suppose -6 - 22 = -2*s. Suppose -s*o + 15*o = 2. Suppose 0 = 5*j - d - 768, 6*d - o*d + 762 = 5*j. Calculate the highest common factor of j and 14.
14
Let l(r) = 2*r**2 - 2*r + 3. Let w be l(2). Suppose -3*f + 22 - w = 0. Suppose -3*n = -61 + 1. What is the greatest common factor of n and f?
5
Let u(t) = -27 - 8*t**3 + 27 + t. Let j be 3 - -6*(-8)/12. Let p be u(j). Calculate the highest common divisor of 7 and p.
7
Let a = -231 - -279. Calculate the greatest common factor of 336 and a.
48
Let a(r) = -4*r - 6. Let v be a(3). Let z = -16 - v. Suppose y + 9 = l, 5*y - z*y = -5*l + 53. Calculate the highest common factor of l and 4.
2
Let i be (-18)/(-5) + (-78)/130. Let b = 21 - 12. Let x be 10/i*b/6. Calculate the highest common divisor of 10 and x.
5
Suppose -3*q - 8 = -11. Calculate the highest common divisor of 1 and q.
1
Let b(j) = -j**3 + 12*j**2 + 49*j - 16. Let t be b(15). Calculate the greatest common divisor of t and 242.
22
Let r = -61 - -63. Suppose -2 = -2*o + 2, f = -r*o + 64. What is the highest common divisor of 15 and f?
15
Let q(k) = k**2 - 8*k - 25. Let t be q(12). Suppose -138 = -9*o + 7*o. What is the greatest common factor of t and o?
23
Let h be (0 - 4/5)/((-155)/48050). What is the highest common factor of 93 and h?
31
Let r(t) = 2*t**2 - t - 6. Let w be r(-3). Let b = 54 - 166. Let i = b - -217. What is the greatest common factor of i and w?
15
Let s = 217 + -212. Calculate the highest common divisor of 3 and s.
1
Let i(a) = -96*a - 278. Let q be i(-3). Suppose -3*r + 50 = 2*r. What is the highest common divisor of q and r?
10
Let d = -1 + 0. Let i = d + -3. Let j(w) = -6*w - 10. Let y be j(i). Calculate the highest common divisor of y and 7.
7
Let s be ((-6)/4)/((-2)/144). Calculate the highest common factor of 60 and s.
12
Let f be 1/1*217 - -3. Let x = 54 - 34. What is the highest common divisor of f and x?
20
Let d = -598 - -1633. What is the highest common divisor of d and 135?
45
Let j(v) = v**2 + 16*v - 20. Let l(g) = 1. Let z(p) = j(p) - 2*l(p). Let w be z(11). What is the highest common factor of w and 25?
25
Suppose -34*y - 138 = -39*y + s, -2*y - 3*s = -45. What is the highest common divisor of 171 and y?
9
Let x = 2 + 3. Let q be 13/x - (-6)/(-10). Suppose 0 = -5*g + q*s - 0*s + 28, -5*g + 27 = -3*s. What is the highest common divisor of 15 and g?
3
Let t(v) = -3*v**2 + 13*v - 4. Let u(x) = -x. Let o(g) = -t(g) - 4*u(g). Let m be o(4). Calculate the greatest common factor of m and 144.
16
Let g be (-18)/12*26/(-3). Let l(u) = -10*u**3 - 2*u**2 + 2*u - 6.